mmon divisor of 304 and 2812.
76
What is the highest common divisor of 13 and 39?
13
What is the highest common divisor of 20 and 410?
10
Calculate the greatest common factor of 36584 and 136.
136
Calculate the greatest common divisor of 903 and 3010.
301
Calculate the highest common factor of 155 and 15.
5
What is the highest common divisor of 91760 and 496?
496
What is the greatest common factor of 351 and 78?
39
Calculate the greatest common divisor of 5 and 2095.
5
Calculate the greatest common divisor of 27 and 1107.
27
What is the greatest common factor of 116 and 29?
29
Calculate the greatest common divisor of 44 and 35.
1
Calculate the greatest common factor of 156 and 572.
52
What is the highest common factor of 1628 and 88?
44
What is the greatest common divisor of 110 and 1826?
22
What is the greatest common factor of 2 and 169?
1
Calculate the greatest common factor of 483 and 56.
7
Calculate the greatest common factor of 387 and 9.
9
What is the highest common factor of 2115 and 1175?
235
Calculate the greatest common divisor of 15 and 15930.
15
What is the greatest common factor of 377 and 26?
13
Calculate the greatest common divisor of 37 and 2.
1
What is the greatest common factor of 1316 and 2444?
188
What is the greatest common divisor of 258 and 6?
6
What is the greatest common divisor of 52 and 2600?
52
Calculate the highest common divisor of 7791 and 318.
159
Calculate the greatest common factor of 1053 and 648.
81
What is the greatest common factor of 51 and 162?
3
Calculate the highest common factor of 48 and 63.
3
What is the greatest common factor of 1581 and 372?
93
What is the highest common factor of 108 and 3348?
108
What is the greatest common factor of 352 and 33?
11
What is the greatest common divisor of 84920 and 440?
440
What is the highest common divisor of 285 and 171?
57
Calculate the highest common factor of 1 and 96.
1
Calculate the highest common factor of 550 and 50.
50
Calculate the greatest common factor of 246 and 6.
6
What is the greatest common factor of 154 and 66?
22
What is the highest common factor of 244 and 676?
4
What is the greatest common divisor of 425 and 275?
25
What is the highest common factor of 697 and 205?
41
Calculate the greatest common divisor of 1414 and 42.
14
What is the highest common factor of 32 and 1184?
32
Calculate the highest common factor of 6765 and 492.
123
Calculate the greatest common divisor of 10535 and 147.
49
Calculate the greatest common factor of 8 and 3592.
8
Calculate the highest common divisor of 80 and 130.
10
What is the greatest common divisor of 5274 and 72?
18
What is the highest common divisor of 41 and 1025?
41
What is the greatest common factor of 3775 and 25?
25
Calculate the highest common factor of 44 and 2948.
44
What is the highest common divisor of 4 and 964?
4
Calculate the greatest common divisor of 215 and 344.
43
What is the greatest common divisor of 608 and 19?
19
Calculate the greatest common divisor of 21 and 35.
7
Calculate the highest common divisor of 155 and 3875.
155
Calculate the highest common divisor of 88 and 1144.
88
What is the highest common divisor of 408 and 102?
102
Calculate the highest common divisor of 740 and 20.
20
Calculate the greatest common divisor of 39 and 5902.
13
What is the greatest common factor of 32 and 144?
16
Calculate the highest common divisor of 64 and 52.
4
What is the greatest common divisor of 3296 and 32?
32
What is the greatest common divisor of 20496 and 70?
14
What is the highest common factor of 64 and 656?
16
What is the greatest common factor of 83 and 1?
1
What is the greatest common factor of 5832 and 360?
72
What is the greatest common factor of 41 and 1435?
41
Calculate the highest common factor of 82 and 1271.
41
What is the highest common divisor of 146 and 1825?
73
Calculate the greatest common divisor of 10899 and 126.
63
Calculate the greatest common factor of 8614 and 146.
146
What is the greatest common factor of 128 and 8?
8
What is the greatest common divisor of 6 and 1044?
6
What is the highest common factor of 36 and 66?
6
Calculate the highest common divisor of 185 and 280.
5
What is the greatest common factor of 68 and 170?
34
Calculate the greatest common divisor of 576 and 1248.
96
Calculate the greatest common factor of 4710 and 30.
30
What is the highest common divisor of 3146 and 13?
13
What is the highest common factor of 61 and 671?
61
Calculate the greatest common divisor of 152 and 418.
38
Calculate the highest common factor of 5 and 350.
5
What is the greatest common divisor of 3283 and 871?
67
What is the greatest common factor of 100243 and 143?
143
What is the highest common divisor of 51 and 48?
3
What is the highest common divisor of 14 and 1967?
7
Calculate the greatest common factor of 104 and 296.
8
Calculate the greatest common divisor of 292 and 73.
73
Calculate the greatest common factor of 1224 and 1326.
102
Calculate the greatest common factor of 3332 and 196.
196
What is the highest common factor of 35 and 40?
5
Calculate the greatest common divisor of 15 and 140.
5
What is the greatest common divisor of 480 and 11280?
240
Calculate the greatest common factor of 2176 and 136.
136
What is the greatest common divisor of 603 and 9?
9
What is the highest common divisor of 3149 and 141?
47
Calculate the highest common factor of 6400 and 50.
50
Calculate the highest common divisor of 56 and 574.
14
Calculate the greatest common factor of 172 and 28.
4
Calculate the greatest common factor of 200 and 1325.
25
Calculate the highest common divisor of 475 and 19.
19
What is the greatest common divisor of 1056 and 3336?
24
What is the greatest common factor of 55 and 539?
11
What is the greatest common factor of 405 and 15?
15
Calculate the greatest common factor of 994 and 14.
14
What is the greatest common factor of 1280 and 360?
40
What is the highest common divisor of 48 and 1308?
12
Calculate the greatest common factor of 12 and 2076.
12
Calculate the greatest common divisor of 2601 and 17.
17
Calculate the greatest common factor of 32 and 56.
8
What is the highest common factor of 336 and 1960?
56
What is the highest common factor of 35 and 4600?
5
What is the highest common divisor of 72 and 585?
9
What is the greatest common factor of 483 and 861?
21
Calculate the highest common factor of 5082 and 605.
121
What is the greatest common factor of 1015 and 870?
145
What is the greatest common divisor of 126 and 21?
21
Calculate the highest common factor of 58 and 928.
58
What is the greatest common divisor of 15386 and 28?
14
Calculate the greatest common factor of 384 and 8.
8
What is the greatest common factor of 164 and 41?
41
What is the greatest common divisor of 164 and 574?
82
Calculate the greatest common divisor of 46 and 713.
23
What is the highest common divisor of 301 and 43?
43
What is the highest common divisor of 77 and 22?
11
Calculate the greatest common factor of 7 and 406.
7
Calculate the greatest common factor of 11 and 319.
11
What is the highest common divisor of 250 and 5?
5
Calculate the greatest common factor of 118 and 413.
59
What is the highest common divisor of 408 and 32504?
136
Calculate the highest common divisor of 48 and 150.
6
Calculate the highest common divisor of 8 and 3884.
4
What is the highest common factor of 856 and 3745?
107
What is the highest common divisor of 3552 and 1665?
111
What is the highest common factor of 315 and 35?
35
Calculate the highest common divisor of 560 and 5.
5
What is the greatest common factor of 14 and 399?
7
Calculate the greatest common factor of 187 and 121.
11
What is the highest common divisor of 6 and 162?
6
What is the greatest common factor of 984 and 108?
12
Calculate the highest common divisor of 118 and 3481.
59
What is the highest common factor of 1188 and 132?
132
Calculate the greatest common divisor of 744 and 62.
62
Calculate the highest common divisor of 172 and 10277.
43
What is the greatest common factor of 52 and 676?
52
Calculate the greatest common divisor of 14 and 48.
2
Calculate the greatest common divisor of 184 and 3772.
92
What is the highest common factor of 296 and 74?
74
What is the greatest common factor of 36 and 144?
36
Calculate the highest common